[INFO] fetching crate vigem 0.9.1...
[INFO] checking vigem-0.9.1 against master#af3c6e733a40e671550e0f0f5aeecaa13772ba56 for pr-74989
[INFO] extracting crate vigem 0.9.1 into /workspace/builds/worker-2/source
[INFO] validating manifest of crates.io crate vigem 0.9.1 on toolchain af3c6e733a40e671550e0f0f5aeecaa13772ba56
[INFO] running `Command { std: "/workspace/cargo-home/bin/cargo" "+af3c6e733a40e671550e0f0f5aeecaa13772ba56" "read-manifest" "--manifest-path" "Cargo.toml", kill_on_drop: false }`
[INFO] started tweaking crates.io crate vigem 0.9.1
[INFO] finished tweaking crates.io crate vigem 0.9.1
[INFO] tweaked toml for crates.io crate vigem 0.9.1 written to /workspace/builds/worker-2/source/Cargo.toml
[INFO] crate crates.io crate vigem 0.9.1 already has a lockfile, it will not be regenerated
[INFO] running `Command { std: "/workspace/cargo-home/bin/cargo" "+af3c6e733a40e671550e0f0f5aeecaa13772ba56" "fetch" "--locked" "--manifest-path" "Cargo.toml", kill_on_drop: false }`
[INFO] [stderr]     Blocking waiting for file lock on package cache
[INFO] running `Command { std: "docker" "create" "-v" "/var/lib/crater-agent-workspace/builds/worker-2/target:/opt/rustwide/target:rw,Z" "-v" "/var/lib/crater-agent-workspace/builds/worker-2/source:/opt/rustwide/workdir:ro,Z" "-v" "/var/lib/crater-agent-workspace/cargo-home:/opt/rustwide/cargo-home:ro,Z" "-v" "/var/lib/crater-agent-workspace/rustup-home:/opt/rustwide/rustup-home:ro,Z" "-e" "SOURCE_DIR=/opt/rustwide/workdir" "-e" "CARGO_TARGET_DIR=/opt/rustwide/target" "-e" "CARGO_HOME=/opt/rustwide/cargo-home" "-e" "RUSTUP_HOME=/opt/rustwide/rustup-home" "-w" "/opt/rustwide/workdir" "-m" "1610612736" "--user" "0:0" "--network" "none" "rustops/crates-build-env@sha256:d92eaeed33fa75130ca1ee6c8a01d1ffb62bac859dfdfb3450e3e5d1c0146529" "/opt/rustwide/cargo-home/bin/cargo" "+af3c6e733a40e671550e0f0f5aeecaa13772ba56" "metadata" "--no-deps" "--format-version=1", kill_on_drop: false }`
[INFO] [stderr] WARNING: Your kernel does not support swap limit capabilities or the cgroup is not mounted. Memory limited without swap.
[INFO] [stdout] 1ea73a5be84ece81ece902f92d7196615271e1a85d953181714db8d3b86f29a0
[INFO] running `Command { std: "docker" "start" "-a" "1ea73a5be84ece81ece902f92d7196615271e1a85d953181714db8d3b86f29a0", kill_on_drop: false }`
[INFO] running `Command { std: "docker" "inspect" "1ea73a5be84ece81ece902f92d7196615271e1a85d953181714db8d3b86f29a0", kill_on_drop: false }`
[INFO] running `Command { std: "docker" "rm" "-f" "1ea73a5be84ece81ece902f92d7196615271e1a85d953181714db8d3b86f29a0", kill_on_drop: false }`
[INFO] [stdout] 1ea73a5be84ece81ece902f92d7196615271e1a85d953181714db8d3b86f29a0
[INFO] running `Command { std: "docker" "create" "-v" "/var/lib/crater-agent-workspace/builds/worker-2/target:/opt/rustwide/target:rw,Z" "-v" "/var/lib/crater-agent-workspace/builds/worker-2/source:/opt/rustwide/workdir:ro,Z" "-v" "/var/lib/crater-agent-workspace/cargo-home:/opt/rustwide/cargo-home:ro,Z" "-v" "/var/lib/crater-agent-workspace/rustup-home:/opt/rustwide/rustup-home:ro,Z" "-e" "SOURCE_DIR=/opt/rustwide/workdir" "-e" "CARGO_TARGET_DIR=/opt/rustwide/target" "-e" "CARGO_INCREMENTAL=0" "-e" "RUST_BACKTRACE=full" "-e" "RUSTFLAGS=--cap-lints=forbid" "-e" "CARGO_HOME=/opt/rustwide/cargo-home" "-e" "RUSTUP_HOME=/opt/rustwide/rustup-home" "-w" "/opt/rustwide/workdir" "-m" "1610612736" "--user" "0:0" "--network" "none" "rustops/crates-build-env@sha256:d92eaeed33fa75130ca1ee6c8a01d1ffb62bac859dfdfb3450e3e5d1c0146529" "/opt/rustwide/cargo-home/bin/cargo" "+af3c6e733a40e671550e0f0f5aeecaa13772ba56" "check" "--frozen" "--all" "--all-targets" "--message-format=json", kill_on_drop: false }`
[INFO] [stdout] 5772d9fc1ea9139a73441a2974fe1d0198b1d712cf0fdb87ba52b0dbb8a85ff4
[INFO] [stderr] WARNING: Your kernel does not support swap limit capabilities or the cgroup is not mounted. Memory limited without swap.
[INFO] running `Command { std: "docker" "start" "-a" "5772d9fc1ea9139a73441a2974fe1d0198b1d712cf0fdb87ba52b0dbb8a85ff4", kill_on_drop: false }`
[INFO] [stderr]     Blocking waiting for file lock on package cache
[INFO] [stderr]    Compiling vigem-sys v1.1.0
[INFO] [stderr]     Checking bitflags v1.2.1
[INFO] [stderr]     Checking vigem v0.9.1 (/opt/rustwide/workdir)
[INFO] [stdout] error[E0308]: mismatched types
[INFO] [stdout]   --> src/types/target.rs:43:18
[INFO] [stdout]    |
[INFO] [stdout] 42 |     pub fn size(&self) -> u32 {
[INFO] [stdout]    |                           --- expected `u32` because of return type
[INFO] [stdout] 43 |         unsafe { (*(*self.raw)).Size }
[INFO] [stdout]    |                  ^^^^^^^^^^^^^^^^^^^ expected `u32`, found `u64`
[INFO] [stdout]    |
[INFO] [stdout] help: you can convert an `u64` to `u32` and panic if the converted value wouldn't fit
[INFO] [stdout]    |
[INFO] [stdout] 43 |         unsafe { (*(*self.raw)).Size.try_into().unwrap() }
[INFO] [stdout]    |                  ^^^^^^^^^^^^^^^^^^^^^^^^^^^^^^^^^^^^^^^
[INFO] [stdout] 
[INFO] [stdout] 
[INFO] [stdout] error[E0308]: mismatched types
[INFO] [stdout]   --> src/types/target.rs:47:18
[INFO] [stdout]    |
[INFO] [stdout] 46 |     pub fn serial_no(&self) -> u32 {
[INFO] [stdout]    |                                --- expected `u32` because of return type
[INFO] [stdout] 47 |         unsafe { (*(*self.raw)).SerialNo }
[INFO] [stdout]    |                  ^^^^^^^^^^^^^^^^^^^^^^^ expected `u32`, found `u64`
[INFO] [stdout]    |
[INFO] [stdout] help: you can convert an `u64` to `u32` and panic if the converted value wouldn't fit
[INFO] [stdout]    |
[INFO] [stdout] 47 |         unsafe { (*(*self.raw)).SerialNo.try_into().unwrap() }
[INFO] [stdout]    |                  ^^^^^^^^^^^^^^^^^^^^^^^^^^^^^^^^^^^^^^^^^^^
[INFO] [stdout] 
[INFO] [stdout] 
[INFO] [stdout] error[E0308]: mismatched types
[INFO] [stdout]   --> src/types/target.rs:85:20
[INFO] [stdout]    |
[INFO] [stdout] 82 |     pub fn index(&self) -> u32 {
[INFO] [stdout]    |                            --- expected `u32` because of return type
[INFO] [stdout] ...
[INFO] [stdout] 85 |             return index;
[INFO] [stdout]    |                    ^^^^^ expected `u32`, found `u64`
[INFO] [stdout]    |
[INFO] [stdout] help: you can convert an `u64` to `u32` and panic if the converted value wouldn't fit
[INFO] [stdout]    |
[INFO] [stdout] 85 |             return index.try_into().unwrap();
[INFO] [stdout]    |                    ^^^^^^^^^^^^^^^^^^^^^^^^^
[INFO] [stdout] 
[INFO] [stdout] 
[INFO] [stdout] error[E0308]: mismatched types
[INFO] [stdout]   --> src/types/target.rs:43:18
[INFO] [stdout]    |
[INFO] [stdout] 42 |     pub fn size(&self) -> u32 {
[INFO] [stdout]    |                           --- expected `u32` because of return type
[INFO] [stdout] 43 |         unsafe { (*(*self.raw)).Size }
[INFO] [stdout]    |                  ^^^^^^^^^^^^^^^^^^^ expected `u32`, found `u64`
[INFO] [stdout]    |
[INFO] [stdout] help: you can convert an `u64` to `u32` and panic if the converted value wouldn't fit
[INFO] [stdout]    |
[INFO] [stdout] 43 |         unsafe { (*(*self.raw)).Size.try_into().unwrap() }
[INFO] [stdout]    |                  ^^^^^^^^^^^^^^^^^^^^^^^^^^^^^^^^^^^^^^^
[INFO] [stdout] 
[INFO] [stdout] 
[INFO] [stdout] error[E0308]: mismatched types
[INFO] [stdout]   --> src/types/target.rs:47:18
[INFO] [stdout]    |
[INFO] [stdout] 46 |     pub fn serial_no(&self) -> u32 {
[INFO] [stdout]    |                                --- expected `u32` because of return type
[INFO] [stdout] 47 |         unsafe { (*(*self.raw)).SerialNo }
[INFO] [stdout]    |                  ^^^^^^^^^^^^^^^^^^^^^^^ expected `u32`, found `u64`
[INFO] [stdout]    |
[INFO] [stdout] help: you can convert an `u64` to `u32` and panic if the converted value wouldn't fit
[INFO] [stdout]    |
[INFO] [stdout] 47 |         unsafe { (*(*self.raw)).SerialNo.try_into().unwrap() }
[INFO] [stdout]    |                  ^^^^^^^^^^^^^^^^^^^^^^^^^^^^^^^^^^^^^^^^^^^
[INFO] [stdout] 
[INFO] [stdout] 
[INFO] [stdout] error[E0308]: mismatched types
[INFO] [stdout]   --> src/types/target.rs:85:20
[INFO] [stdout]    |
[INFO] [stdout] 82 |     pub fn index(&self) -> u32 {
[INFO] [stdout]    |                            --- expected `u32` because of return type
[INFO] [stdout] ...
[INFO] [stdout] 85 |             return index;
[INFO] [stdout]    |                    ^^^^^ expected `u32`, found `u64`
[INFO] [stdout]    |
[INFO] [stdout] help: you can convert an `u64` to `u32` and panic if the converted value wouldn't fit
[INFO] [stdout]    |
[INFO] [stdout] 85 |             return index.try_into().unwrap();
[INFO] [stdout]    |                    ^^^^^^^^^^^^^^^^^^^^^^^^^
[INFO] [stdout] 
[INFO] [stdout] 
[INFO] [stdout] error[E0308]: mismatched types
[INFO] [stdout]   --> src/types/vigem.rs:85:73
[INFO] [stdout]    |
[INFO] [stdout] 85 |             vigem_target_x360_get_user_index(**self.vigem, *target.raw, index_ptr);
[INFO] [stdout]    |                                                                         ^^^^^^^^^ expected `u64`, found `u32`
[INFO] [stdout]    |
[INFO] [stdout]    = note: expected raw pointer `*mut u64`
[INFO] [stdout]               found raw pointer `*mut u32`
[INFO] [stdout] 
[INFO] [stdout] 
[INFO] [stdout] error[E0308]: mismatched types
[INFO] [stdout]   --> src/types/vigem.rs:85:73
[INFO] [stdout]    |
[INFO] [stdout] 85 |             vigem_target_x360_get_user_index(**self.vigem, *target.raw, index_ptr);
[INFO] [stdout]    |                                                                         ^^^^^^^^^ expected `u64`, found `u32`
[INFO] [stdout]    |
[INFO] [stdout]    = note: expected raw pointer `*mut u64`
[INFO] [stdout]               found raw pointer `*mut u32`
[INFO] [stdout] 
[INFO] [stdout] 
[INFO] [stdout] error: aborting due to 4 previous errors
[INFO] [stdout] 
[INFO] [stdout] 
[INFO] [stdout] For more information about this error, try `rustc --explain E0308`.
[INFO] [stdout] 
[INFO] [stderr] error: could not compile `vigem`.
[INFO] [stderr] 
[INFO] [stderr] To learn more, run the command again with --verbose.
[INFO] [stderr] warning: build failed, waiting for other jobs to finish...
[INFO] [stdout] error: aborting due to 4 previous errors
[INFO] [stdout] 
[INFO] [stdout] 
[INFO] [stdout] For more information about this error, try `rustc --explain E0308`.
[INFO] [stdout] 
[INFO] [stderr] error: build failed
[INFO] running `Command { std: "docker" "inspect" "5772d9fc1ea9139a73441a2974fe1d0198b1d712cf0fdb87ba52b0dbb8a85ff4", kill_on_drop: false }`
[INFO] running `Command { std: "docker" "rm" "-f" "5772d9fc1ea9139a73441a2974fe1d0198b1d712cf0fdb87ba52b0dbb8a85ff4", kill_on_drop: false }`
[INFO] [stdout] 5772d9fc1ea9139a73441a2974fe1d0198b1d712cf0fdb87ba52b0dbb8a85ff4
